lculate the highest common factor of 1263984 and 3.
3
Calculate the greatest common divisor of 3796 and 12116.
52
What is the highest common divisor of 17629 and 17?
17
What is the highest common factor of 11275 and 656?
41
Calculate the highest common divisor of 4045712 and 132.
44
What is the greatest common divisor of 87563 and 7?
7
Calculate the greatest common factor of 5568620 and 820.
820
What is the highest common factor of 3032 and 22361?
379
Calculate the greatest common factor of 8 and 6068.
4
Calculate the greatest common factor of 3456 and 2880.
576
What is the greatest common factor of 8938 and 1845?
41
Calculate the highest common divisor of 5035 and 6935.
95
What is the greatest common factor of 215 and 62737?
43
Calculate the highest common divisor of 2046 and 17484.
186
What is the highest common divisor of 10392712 and 44?
44
Calculate the highest common factor of 3255 and 840.
105
What is the highest common divisor of 420 and 8022?
42
Calculate the greatest common factor of 85403 and 123.
41
What is the greatest common divisor of 613465 and 20?
5
What is the greatest common factor of 1034 and 17766?
94
Calculate the greatest common factor of 14 and 15113.
7
What is the highest common divisor of 304 and 151808?
16
What is the greatest common divisor of 138 and 100326?
138
Calculate the greatest common divisor of 123 and 57441.
123
Calculate the highest common divisor of 231033 and 66.
33
What is the greatest common divisor of 88842 and 3?
3
Calculate the highest common factor of 38515 and 80.
5
Calculate the greatest common divisor of 2009588 and 1960.
196
Calculate the greatest common factor of 492 and 525948.
492
Calculate the greatest common divisor of 148 and 20.
4
Calculate the highest common divisor of 2718 and 28188.
18
Calculate the greatest common divisor of 4681 and 28841.
151
Calculate the highest common factor of 2650 and 8425.
25
Calculate the highest common factor of 13380 and 6540.
60
What is the greatest common divisor of 1248 and 84?
12
What is the highest common divisor of 871 and 104453?
67
Calculate the greatest common factor of 60900 and 1875.
75
What is the greatest common factor of 2 and 14302?
2
What is the greatest common factor of 49100 and 300?
100
What is the highest common divisor of 174 and 37758?
174
Calculate the greatest common divisor of 1860 and 164238.
186
What is the highest common divisor of 73 and 3480713?
73
Calculate the highest common divisor of 26796 and 94743.
957
What is the highest common factor of 216 and 117396?
108
What is the greatest common factor of 897 and 1564?
23
What is the greatest common divisor of 2037397 and 573?
191
Calculate the highest common factor of 44 and 349877.
11
Calculate the highest common divisor of 6860 and 1320.
20
Calculate the highest common divisor of 28 and 57449.
7
What is the highest common divisor of 348 and 242?
2
What is the highest common divisor of 2950 and 17150?
50
What is the highest common factor of 57 and 3479603?
19
Calculate the highest common factor of 392 and 45766.
98
What is the highest common factor of 170 and 729453?
17
Calculate the greatest common factor of 1278 and 9656.
142
What is the highest common divisor of 28 and 65982?
14
Calculate the highest common divisor of 11228959 and 238.
119
What is the greatest common divisor of 55740 and 840?
60
Calculate the highest common divisor of 201924 and 83070.
1278
Calculate the highest common factor of 2657616 and 52.
52
Calculate the greatest common factor of 9 and 8361.
9
What is the greatest common divisor of 1642641 and 42?
21
What is the highest common divisor of 1207 and 1006141?
71
What is the greatest common factor of 7224 and 7620?
12
Calculate the greatest common factor of 8541 and 62853.
219
What is the greatest common divisor of 112504 and 49?
49
What is the greatest common divisor of 80 and 546370?
10
Calculate the highest common divisor of 155447 and 8975.
359
Calculate the greatest common factor of 678873 and 309.
309
Calculate the highest common divisor of 856 and 26750.
214
Calculate the greatest common factor of 5852 and 247874.
418
Calculate the greatest common factor of 6006 and 10582.
286
Calculate the highest common factor of 704 and 16654.
22
What is the highest common divisor of 13 and 275522?
13
Calculate the greatest common divisor of 1064601 and 666.
333
Calculate the greatest common divisor of 3876 and 6120.
204
Calculate the highest common factor of 47 and 1035457.
47
What is the highest common divisor of 14225 and 40825?
25
What is the highest common divisor of 131 and 11029021?
131
Calculate the greatest common factor of 10817 and 1.
1
Calculate the greatest common factor of 32 and 33008.
16
What is the highest common divisor of 4354266 and 129?
129
What is the greatest common divisor of 180 and 6580?
20
What is the greatest common divisor of 121 and 55011?
11
Calculate the highest common factor of 36 and 74673.
9
What is the greatest common divisor of 7641 and 54?
27
What is the highest common factor of 2700 and 48492?
108
What is the highest common factor of 11 and 895081?
11
Calculate the highest common factor of 68 and 2039932.
68
Calculate the greatest common divisor of 56 and 2468.
4
What is the greatest common factor of 30360 and 360?
120
What is the greatest common divisor of 2241 and 1162?
83
What is the highest common divisor of 279 and 33387?
93
Calculate the highest common divisor of 2315056 and 5140.
1028
What is the greatest common divisor of 396 and 14796?
36
What is the greatest common factor of 14 and 131782?
14
Calculate the highest common divisor of 38 and 1594423.
19
What is the greatest common divisor of 703 and 2736?
19
What is the highest common factor of 1984 and 99634?
62
Calculate the greatest common divisor of 123 and 154447.
41
What is the highest common divisor of 2640 and 22720?
80
Calculate the greatest common divisor of 3990 and 275709.
399
What is the greatest common divisor of 279 and 62793?
9
What is the highest common factor of 602 and 4011?
7
What is the highest common divisor of 1028348 and 811?
811
Calculate the highest common factor of 31992 and 4929.
93
What is the highest common divisor of 1968 and 138498?
246
What is the greatest common factor of 1502267 and 13286?
949
What is the highest common factor of 18234 and 126?
18
What is the greatest common factor of 428 and 397612?
428
Calculate the greatest common divisor of 18784 and 7.
1
What is the highest common divisor of 26779 and 13609?
439
Calculate the greatest common factor of 3933 and 4761.
207
What is the highest common divisor of 90257 and 2064?
43
What is the greatest common factor of 3615 and 825?
15
Calculate the greatest common factor of 68864 and 3497.
269
What is the greatest common factor of 771205 and 731?
731
Calculate the highest common divisor of 10 and 101440.
10
Calculate the greatest common factor of 18156 and 255252.
1068
Calculate the highest common factor of 52650 and 14976.
234
What is the greatest common factor of 38 and 21698?
38
What is the greatest common divisor of 1296 and 5448?
24
Calculate the greatest common divisor of 817524 and 828.
36
What is the highest common factor of 1965 and 5097865?
655
What is the greatest common factor of 2456168 and 4407?
1469
What is the greatest common factor of 74 and 1365596?
74
What is the greatest common factor of 16967 and 1504?
47
What is the highest common factor of 124 and 157666?
62
Calculate the greatest common divisor of 36762 and 30.
6
Calculate the greatest common divisor of 8433 and 1737.
9
What is the greatest common factor of 22 and 840004?
22
What is the greatest common factor of 2120 and 138330?
530
What is the highest common factor of 163488 and 32?
32
What is the greatest common factor of 23 and 41101?
23
What is the greatest common factor of 10397 and 22761?
281
Calculate the greatest common divisor of 91 and 8983.
13
What is the greatest common divisor of 538 and 894694?
538
What is the greatest common divisor of 688 and 9824?
16
Calculate the highest common divisor of 1394813 and 203.
203
What is the greatest common divisor of 420 and 706440?
420
Calculate the greatest common factor of 7 and 164647.
7
Calculate the greatest common factor of 1430 and 2002715.
715
Calc